te the remainder when 31 is divided by y.
15
Let d(t) = -t + 4*t**2 + t**3 + 3*t + 0*t**2 + 2 - 3*t. Let g be d(-3). Suppose -v + 6 + g = 0. What is the remainder when 77 is divided by v?
17
Suppose 14 = 4*a - 54. What is the remainder when a is divided by 4?
1
Suppose 0 = -f + 5*g, -f = 2*f - 4*g - 33. Let d = -51 + 79. What is the remainder when d is divided by f?
13
Let d = 2 - -2. Suppose 15 = 3*o, -4*o = -d*z - 0*z + 120. Let h = -23 + z. Calculate the remainder when 34 is divided by h.
10
Let a(o) = o**2 - 5*o - 6. Calculate the remainder when 31 is divided by a(7).
7
Let n(v) = -3*v**2 - 3*v - 6. Let z be n(-4). Let x = -22 - z. Calculate the remainder when 346/6 + 1/3 is divided by x.
18
Suppose -2*d = 2*d. Let m = d - -29. Calculate the remainder when m is divided by 15.
14
Suppose 4*q - 348 + 104 = 0. What is the remainder when q is divided by 16?
13
Suppose -m = -5*t - 9, -m + 2*t = -0*t - 3. Let x(b) = -4*b. Let j be x(1). What is the remainder when m/(-1) - 24/j is divided by 3?
1
Let u be (-2)/8 + 91/(-4). Let f = u + 48. Let c = 285 - 271. Calculate the remainder when f is divided by c.
11
Let i(p) = -24*p**3 + p - 1. Let y be i(1). Let a = 47 + y. Suppose 5*d - a = -3. Calculate the remainder when 11 is divided by d.
3
Suppose 0 = 2*i - 4*t + 10, -t = 4*i - 18 + 2. What is the remainder when 3 is divided by i?
0
Let r(h) = h**2 + 12*h + 11. Let b(p) = -3*p**2 - 24*p - 23. Let l(f) = -2*b(f) - 5*r(f). Calculate the remainder when l(15) is divided by 13.
10
Let f(h) = -2*h - 7 - 7*h - h**2 + 2*h. Suppose -5*g = -2 - 38. What is the remainder when g is divided by f(-5)?
2
Let n(g) = g**2 + 9*g**3 - 10*g**3 - 2*g + 3*g + 29. Suppose 4*c - 5*o - 13 = 7, 0 = -5*c - 2*o - 8. Calculate the remainder when n(c) is divided by 8.
5
Let m be 2/(-2) + (3 - 2). Suppose z + 1 = 4*b, 3*z - 3*b - 42 = -m*b. Suppose k = 6*k - 50. Calculate the remainder when z is divided by k.
9
Let n(i) = -i**2 - i + 20. Let u = -4 + 2. Let h = u - -2. Calculate the remainder when 58 is divided by n(h).
18
Let l = 41 - 22. Let t = -4 + l. Let q = 24 - t. Calculate the remainder when 26 is divided by q.
8
What is the remainder when 70 is divided by (-3717)/(-147) - 2/7?
20
Let z(b) be the third derivative of -b**4/3 - b**3/3 - b**2. Calculate the remainder when z(-6) is divided by 24.
22
What is the remainder when 58/(3 + 7/(-3)) is divided by 13?
9
Let p(y) = -y**3 + 7*y**2 - 3*y - 3. Suppose 3*t + d - 12 = -0*t, 2*d = -2*t + 4. Calculate the remainder when p(t) is divided by 1/(1 - (-20)/(-22)).
10
Suppose 2 = -4*f + 22, 2*f = -z + 11. What is the remainder when (6/4)/(1/2) is divided by z?
0
What is the remainder when 27 is divided by 4 - ((-4)/(-1) + -7)?
6
Let o = -35 + 39. Calculate the remainder when 23 is divided by o.
3
Let k(r) be the first derivative of -4 + 1/3*r**3 + 3*r - 5/2*r**2. What is the remainder when 35 is divided by k(6)?
8
Let v be 1/(-2) + 2/(-4). What is the remainder when 106 is divided by -13*8/(-4) - v?
25
Let q(l) = -2 + 3 + 10*l - 12*l + 5*l**3. What is the remainder when 12 is divided by q(1)?
0
Let f(a) = 12*a + 1. Calculate the remainder when f(3) is divided by 20.
17
Suppose 10*h = 7*h + 15. Suppose -3*q + 40 = h*p, 2*p + q - 3*q - 16 = 0. Calculate the remainder when 13 is divided by p.
5
Suppose -w + 5*t = -2*w + 41, 2*t = -8. Suppose -5*a = p - 5*p + 69, -p + 3*a + 12 = 0. Calculate the remainder when w is divided by p.
19
Let v(o) = o**3 - 6*o**2 - 6*o + 2. Suppose 0 = -2*z + z + 24. Calculate the remainder when z is divided by v(7).
6
Calculate the remainder when 11/3 + -3 + (-64)/(-3) is divided by 12.
10
Let s = 4 + -2. Let h(z) = z**3 - 2*z**2 + z + 1. Let k be h(s). Suppose 3*f - u - 81 = 0, -k*f + 66 = -3*u + 7*u. What is the remainder when f is divided by 9?
8
Let i(q) = -q - 6. Suppose u + 10 = 4*u + 5*n, 4*u + 5*n - 5 = 0. Let j be i(u). Calculate the remainder when (118/j)/(1 + -3) is divided by 20.
19
Let p(m) be the first derivative of 3 + 2*m + 0*m - 6*m**2 + 4*m - 4*m. Calculate the remainder when p(-6) is divided by 25.
24
Let k(m) = m**2 + 2. Calculate the remainder when 6/42*159 - 4/(-14) is divided by k(-2).
5
Suppose 0 = 4*z - 204 - 788. What is the remainder when 70 is divided by 14/49 + z/14?
16
Let a be (5/(-2))/(6/(-12)). Suppose -5 = a*q - 5*v, -4*v + 5 = -q + v. Calculate the remainder when (2/3 - q)*39 is divided by 9.
8
Suppose 34 = 2*q + 4. Let l be 7 + 3/(-1) + 6. Suppose 5*n = -4*x + 9 + 5, -5*n - l = 0. Calculate the remainder when q is divided by x.
3
Calculate the remainder when 67 is divided by -3 + (3 - (-21 - -4)).
16
Let b = -47 + 129. Calculate the remainder when b is divided by (-4 + 5/(-4))*-4.
19
Suppose -x - 33 = -3*r - 0*x, -5*x - 15 = 0. What is the remainder when 39 is divided by r?
9
Let m = -217 + 240. Let r = 0 + 1. Calculate the remainder when m is divided by 0 - (1 + (-14)/r).
10
Let j(t) = 3*t**2 - 2*t + 3. What is the remainder when j(-2) is divided by 10?
9
Let c(u) = u**2 + 8*u + 2. Let z be c(-8). Let n = -10 + 17. Suppose n*o - z*o = 70. Calculate the remainder when 26 is divided by o.
12
Let j(z) be the third derivative of z**5/60 - z**4/8 + z**3/6 - z**2. Suppose -32 = -2*v + v. Calculate the remainder when v is divided by j(5).
10
Suppose 3*q + 2*q = 200. Let t(w) be the second derivative of 5*w**3/6 - w**2/2 - w. Calculate the remainder when q is divided by t(3).
12
Suppose -3*b + 9 = -15. Calculate the remainder when 31 is divided by b.
7
Let y(v) = v**3 + 6*v**2 + v - 13. Calculate the remainder when 125 is divided by y(-5).
6
Let w be 5*1*-2 + 0. Let i = -7 - w. What is the remainder when ((-1)/i)/(1/(-129)) is divided by 15?
13
Suppose 0 = -z + 2, -2*v - 5*z + 3*z = -18. What is the remainder when 13 is divided by v?
6
Let b = 41 + -36. What is the remainder when 28 is divided by b?
3
Let p(l) = 29*l**3 + l - 1. Calculate the remainder when 172 is divided by p(1).
27
Let o be (-28)/(-5) - 8/(-20). Suppose -2*v + 5*v = o. Calculate the remainder when (4/6)/((-6)/(-45)) is divided by v.
1
Let x = -31 - -112. Calculate the remainder when x is divided by 21.
18
What is the remainder when (-318)/(-24) + (-9)/(-12) is divided by 4?
2
Let i = -3 - -11. Let q = i - 3. Suppose 2*s + 4*v = 3*s - 5, 0 = 3*s + 5*v - 49. What is the remainder when s is divided by q?
3
Calculate the remainder when 43 is divided by (0 - 0)/1 - -23.
20
Let x = 9 - 6. What is the remainder when (3/(-5))/(x/(-165)) is divided by 17?
16
Calculate the remainder when 21 is divided by ((-5)/15)/(1/(-33)).
10
Let h = -5 - -41. What is the remainder when 106 is divided by h?
34
Let z(v) = -v**2 - 7*v + 2. Suppose 0 = -4*k - 4*p, 0*k + 2*p = -4*k - 8. Let j be z(k). What is the remainder when 4/j - 10/(-14) is divided by 1?
0
Let v = 0 + 0. Suppose y + v = 12. Let d = -21 - -44. Calculate the remainder when d is divided by y.
11
Let k(r) = -r**3 + 5*r**2 + 6*r - 2. Let c be k(6). Calculate the remainder when (-42)/28 - (-22)/4 is divided by 3 - ((-2)/c)/1.
0
Suppose -3 = -3*l + 3*s, s + 19 = 4*l - 0*s. Calculate the remainder when (-1 - (-27)/l)*6 is divided by 11.
10
Let s(o) = -6*o + 2. Suppose 3*k + 27 = -2*f - 3*f, -4*k - 4*f - 28 = 0. Calculate the remainder when s(k) is divided by 9.
8
Let p = 31 + -17. Let z(a) = a**2 - a + 1. Let l(d) = 37*d**2 + 2*d - 3. Let k(q) = l(q) + 3*z(q). What is the remainder when k(-1) is divided by p?
13
Let c(n) = 9*n**3 + 2*n - 1. Let s(g) = 2*g - 1. Let m be s(5). Suppose 2*u = 2*a - 3*a + m, 3*u - 13 = -a. What is the remainder when 19 is divided by c(a)?
9
Let q be ((-14)/3)/(6/9). Let k(u) = -2*u - 9. Calculate the remainder when 13 is divided by k(q).
3
Let n = 44 + -30. Calculate the remainder when 81 is divided by n.
11
Let w(x) = x**3 + 4*x**2 + 4*x. Let p be w(-4). Calculate the remainder when 37 is divided by -1 - (0 - -2) - p.
11
Suppose -m + 64 = m. What is the remainder when 62 is divided by m?
30
Let n(k) = -k**3 - 3*k**2 + k + 2. Let v(a) be the first derivative of 5*a**2/2 - 4*a + 2. What is the remainder when v(6) is divided by n(-4)?
12
Let i be (-10 + 2 - -1)*-1. Let x(t) = -4*t**3 - 6*t**2 - 6*t + 1 + 4*t**3 + t**3 + 2*t. Calculate the remainder when 64 is divided by x(i).
20
What is the remainder when 221 is divided by 333/(-18)*((0 - 1) +